= -4*w - 5*t, 2*w - 2*t - 139 = -1. List the prime factors of w.
73
Let u(r) = r**3 - 24*r**2 - 38*r - 42. List the prime factors of u(26).
2, 7, 23
Suppose 0*j + 3*j = -4*n + 1776, 0 = -2*j - 8. What are the prime factors of n?
3, 149
Suppose 0 = -3*f + 5*j - 0*j - 16, 2*j - 10 = 0. Suppose -f*t - 5*p = -568, -p - 4 = -9. List the prime factors of t.
181
Let w(l) be the second derivative of 6*l**3 + 24*l**2 - 2*l - 3. What are the prime factors of w(5)?
2, 3, 19
List the prime factors of (6/(-4))/((-2)/(-4)) - -406.
13, 31
Let z(v) be the first derivative of -4*v**2 - 13*v + 1. Let p be 64/(-10) + (-5)/((-75)/6). What are the prime factors of z(p)?
5, 7
Suppose -4*v - h + 3545 = -v, -2346 = -2*v - 5*h. List the prime factors of v.
7, 13
Let n = -2 - 11. Let x(a) = a + 18. Let t be x(n). Suppose t*m - 2*m - 74 = -s, -4*s + 62 = 3*m. List the prime factors of m.
2, 13
Let g(j) = 4*j - 25. Let w be g(7). Suppose v - n = 24, w*v + 11*n - 13*n = 75. List the prime factors of v.
3
Let c be (-10)/(-5)*58/4. Let h = 46 - c. What are the prime factors of h?
17
Let i = 0 - 5. Let j(z) = z**2 + 2*z - 7. Let c be j(i). Let k = 5 + c. List the prime factors of k.
13
Suppose 2722*l - 2728*l = -600. What are the prime factors of l?
2, 5
What are the prime factors of 4 + (-8 + 5300 - 5)?
11, 13, 37
Let w(z) = 2*z**3 - 8*z**2 - 4*z + 11. List the prime factors of w(9).
5, 157
Let m(x) = -x**3 + 31*x**2 + 4*x + 73. What are the prime factors of m(31)?
197
Suppose 498 + 4865 = 31*z. What are the prime factors of z?
173
Suppose -776 = -2*x + 4*q, -x - 2*q = q - 363. List the prime factors of x.
2, 3, 7
Suppose 4*p - 4 = 12. Suppose 20 = p*i - 24. What are the prime factors of i?
11
Suppose 9*l = 13*l + 2*s - 16806, -3*l = 4*s - 12602. List the prime factors of l.
2, 11, 191
Let u(n) = -21*n + 40*n + 4 + 86*n. Let o be u(-12). List the prime factors of (-32)/(-240) + o/(-30).
2, 3, 7
Suppose y - 4*q = -11, -y - q + 17 = 2*q. Let i = 7 + y. Let d(s) = 4*s. What are the prime factors of d(i)?
2, 3
Let i(s) = -10*s + 7. Let r(t) = t + 1. Let y(k) = -i(k) + 3*r(k). What are the prime factors of y(8)?
2, 5
Let w be (-2 - 25/(-15)) + (-16)/(-3). Suppose u - 4 = -3*u, 335 = 4*b - w*u. List the prime factors of b.
5, 17
List the prime factors of (-1)/(0 + -4) - 265506/(-408).
3, 7, 31
Let c(b) = -b**2 + 5*b + 5. Let p be c(5). Let n(y) = y - 5. Let k be n(p). Suppose -h + 2*l + k*l = -34, 0 = -3*h + 2*l + 82. List the prime factors of h.
2, 3
Let x = 37 + 10. Let d = x + 34. What are the prime factors of d?
3
Let h(x) = -3*x**3 + 3 - 3 + 2*x**3 - 8*x**2 + 4 - 7*x. Suppose -5*a + 2*u + 12 = 45, a + 2*u = -9. What are the prime factors of h(a)?
2
Let v(o) = 285*o**2 - o + 3. List the prime factors of v(2).
7, 163
What are the prime factors of -416*(-2 + 25/20)?
2, 3, 13
Let j = -3666 + 6647. List the prime factors of j.
11, 271
Let u(r) = -r**3 - 9*r**2 + 16*r - 2. Let p(j) = -18*j**2 - 2*j + 0 + 35*j - 3 - 2 - 2*j**3. Let h(x) = 3*p(x) - 7*u(x). List the prime factors of h(-10).
29
Let d(y) = -4*y**3 - 5*y**2 + 10*y + 18. What are the prime factors of d(-6)?
2, 3, 107
Let x(u) = 26*u**2 - 5*u + 2. Suppose -4*i = j + j - 4, i = -4*j - 6. What are the prime factors of x(i)?
2, 3
Let b = 27 - 12. Suppose -5*v + 53 = -127. Suppose 3*f - v = b. What are the prime factors of f?
17
Let w(n) be the second derivative of 7*n**3/6 - 7*n**2/2 + 2*n. List the prime factors of w(8).
7
Suppose 2*x - 3*x = -10. Suppose -4*z + x = z. Suppose -3*c + 7 = 2*t, z*t - c + 1 = 4. List the prime factors of t.
2
Let q(h) = h**3 - 9*h**2 + 9*h - 2. Let v be q(8). Suppose -2*y + 2 = -v. Suppose -u - 3*x + x = -11, y*u - 4*x - 92 = 0. What are the prime factors of u?
19
Let l be 3/((-3)/5) - 1. Let y be 1 + -2 + (l - 6). Let x = 43 + y. List the prime factors of x.
2, 3, 5
Suppose -o - 105 = -c - 4*o, 2*c - 4*o - 180 = 0. Let w = -58 + c. What are the prime factors of w?
2, 19
Let t be 2/(6/71) - (-4)/(-6). Let w(l) = -l**3 + 9*l**2 - l - 1. Let u be w(9). Let a = t - u. What are the prime factors of a?
3, 11
Suppose 2*u - 334 = 2208. What are the prime factors of u?
31, 41
Let c(y) = -23*y**3 - 4*y**2 + 2*y + 2. Let b be c(3). Let n = -387 - b. Suppose -n = -6*r + 92. What are the prime factors of r?
59
Let n = 27 + -45. Let r = -30 - n. Let p = r + 55. What are the prime factors of p?
43
Let l(v) = 3*v**2 + v - 12. Let m be 69/(-276) + (30/8)/(-1). List the prime factors of l(m).
2
Suppose 3*r + 4*v + 8 = 0, 0 = -0*r - 2*r - 4*v - 8. Suppose d - 5*h - 33 = 0, -2*h = -r*h + 10. What are the prime factors of (-12)/d*78/(-9)?
13
Let n(w) = 37*w - 3. Let q be n(2). Suppose q = 3*t - 58. What are the prime factors of t?
43
Suppose 4*s + 3196 = 4*a, 2*a - s - 1665 + 64 = 0. What are the prime factors of a?
2, 401
Let y(j) = j**2 - 7*j + 9. Let h be y(6). Let d = 486 - 470. Suppose h*b - 143 = d. What are the prime factors of b?
53
Let m be (-27)/3*10/3. Let d be 36/5*m/4. Let x = d + 81. What are the prime factors of x?
3
Suppose 0 = -5*b + 4*z - 33, 3*z - 2*z - 17 = 3*b. Let g be -4 + -3 + 2 + b. List the prime factors of (g/(-8))/(14/392).
5, 7
Suppose -5*y = 2119 + 1661. Let u be 10/3*y/(-15). What are the prime factors of (4/(-3))/((-16)/u)?
2, 7
Let z(l) = -10*l - 15. Let t be z(-3). Suppose t*y - 17*y + 172 = 0. What are the prime factors of y?
2, 43
Let d(c) = -1719*c**3 + 7*c**2 + 8*c + 1. What are the prime factors of d(-1)?
3, 191
Let c be (-2)/6 - (-430)/30. Let t(r) = -r**3 + 14*r**2 + 7*r - 20. List the prime factors of t(c).
2, 3, 13
What are the prime factors of ((-106)/4)/(8/(-96))?
2, 3, 53
Suppose -b + 12675 = 12*b. List the prime factors of b.
3, 5, 13
Let w(j) = j**2 - 19*j + 9. Let l be w(19). What are the prime factors of -6 + 1 + 270/l?
5
Suppose 2*k - 9238 = -4*z, -10018 = -5*k - 2*z + 13117. List the prime factors of k.
3, 1543
What are the prime factors of (-7 - -1) + (575 - 8)?
3, 11, 17
Let h = 477 - 269. Suppose 3*t - w = h, t + w + w = 81. List the prime factors of t.
71
Suppose 5*u = p + p + 834, 4*p = -u + 158. Let g = u - 103. What are the prime factors of g?
3, 7
Suppose 4*v - u = -4*u + 1961, v - u = 485. List the prime factors of v.
2, 61
Let d be ((-60)/(-14))/(5/(-35)). Let h be 9/(-5)*d/9. Suppose -4*p - 256 = -4*m, 3*p = -m + h*p + 70. List the prime factors of m.
61
Suppose 6 = 5*m - 3*m. List the prime factors of (-6 - 0)*m/(-6).
3
List the prime factors of (-15 + 280)/(1 - 3/6).
2, 5, 53
Suppose -10 = -4*v + 78. Let j = 49 - v. Suppose -5*a + 18 = -j. What are the prime factors of a?
3
Let f = -20 - -21. Suppose 3*t - 5*u + 3 = -2, -4*t - u = -f. Suppose -6*q + 0*q + 300 = t. What are the prime factors of q?
2, 5
Suppose 0 = -o + 5*m + 7 - 22, -m + 29 = 5*o. List the prime factors of (o + 0)*((-416)/(-20) + -2).
2, 47
Suppose 4*c - 31 = 17. Suppose -5*h + c = -h. What are the prime factors of h?
3
Let y(k) = 63*k**2 - 55*k + 458. What are the prime factors of y(9)?
2, 17, 149
Suppose i - q = 501, 0 = 2*i + 2*q - 977 - 13. List the prime factors of i.
2, 3, 83
List the prime factors of 40/(-8) + (0 + 0 - -222).
7, 31
Let d = 125 - 196. Let y = 110 + d. List the prime factors of y.
3, 13
Let c be ((-8)/3)/(3/(-9)). List the prime factors of 17*4/c*(2 - -16).
3, 17
Suppose -2*k + 2 = -6. Suppose 9 = 3*c, -y + k = -5*c - 15. Suppose 3*x - y = -13. List the prime factors of x.
7
Let i be 12 - 0*1/(-2). Suppose -184*a = -195*a + 451. Suppose c - 4*f = i + 7, -a = -2*c + 5*f. List the prime factors of c.
23
Let l = 81 - 52. Let k = l + -11. Suppose -3*g + k + 12 = 0. What are the prime factors of g?
2, 5
Let d(v) = -16*v + 7. Let b be d(-10). List the prime factors of (1/(-2))/(-1)*(b + 11).
89
Let j(k) = 2*k**2 + 9*k + 45. Suppose -7*o + 8 - 50 = 0. List the prime factors of j(o).
3, 7
What are the prime factors of 8/18 + (-10)/45*-7783?
2, 5, 173
Let a(q) = -282*q + 1. Let j be a(1). Let m = -136 - j. What are the prime factors of m?
5, 29
Let r be 13 - (-5)/((-15)/12). Let v(z) = -z**2 + 14*z - 1. List the prime factors of v(r).
2, 11
Suppose 10 = 3*a - 2. Suppose -3*x = -15, -5*x + 32 = a*r - 1. Suppose -80 = -4*k - 2*u - r*u, 0 = 2*k + 3*u - 39. What are the prime factors of k?
3, 7
Suppose 435 = 4*r - 401. Let p = r - 77. What are the prime factors of p?
2,